sands digit of 43260?
4
What is the millions digit of 11322923?
1
What is the thousands digit of 441430?
1
What is the thousands digit of 952001?
2
What is the hundreds digit of 325100?
1
What is the thousands digit of 585190?
5
What is the tens digit of 27290870?
7
What is the units digit of 21915171?
1
What is the millions digit of 2037243?
2
What is the thousands digit of 257856?
7
What is the thousands digit of 310514?
0
What is the ten thousands digit of 11178458?
7
What is the units digit of 242296?
6
What is the tens digit of 235580?
8
What is the tens digit of 244501?
0
What is the hundred thousands digit of 2651895?
6
What is the hundreds digit of 11947114?
1
What is the ten thousands digit of 332660?
3
What is the thousands digit of 1734719?
4
What is the thousands digit of 179069?
9
What is the tens digit of 974248?
4
What is the units digit of 5225088?
8
What is the hundreds digit of 388444?
4
What is the hundreds digit of 2696794?
7
What is the ten thousands digit of 447532?
4
What is the millions digit of 2052335?
2
What is the hundreds digit of 1326067?
0
What is the units digit of 2701139?
9
What is the hundreds digit of 267010?
0
What is the hundreds digit of 2969691?
6
What is the tens digit of 3394108?
0
What is the tens digit of 120668?
6
What is the hundred thousands digit of 3099653?
0
What is the hundreds digit of 895531?
5
What is the units digit of 1777013?
3
What is the units digit of 152775?
5
What is the thousands digit of 7424044?
4
What is the tens digit of 275832?
3
What is the tens digit of 1190534?
3
What is the units digit of 273964?
4
What is the units digit of 780114?
4
What is the units digit of 137803?
3
What is the ten thousands digit of 17646595?
4
What is the ten thousands digit of 15037133?
3
What is the tens digit of 8535275?
7
What is the thousands digit of 266297?
6
What is the ten thousands digit of 947960?
4
What is the tens digit of 326872?
7
What is the hundred thousands digit of 280045?
2
What is the thousands digit of 9520997?
0
What is the units digit of 458707?
7
What is the hundreds digit of 478582?
5
What is the tens digit of 600938?
3
What is the units digit of 555731?
1
What is the tens digit of 74129?
2
What is the hundreds digit of 146731?
7
What is the ten thousands digit of 82316?
8
What is the units digit of 1449412?
2
What is the tens digit of 1585536?
3
What is the hundred thousands digit of 253864?
2
What is the tens digit of 15719471?
7
What is the units digit of 15627?
7
What is the ten thousands digit of 1915811?
1
What is the hundreds digit of 3878217?
2
What is the ten thousands digit of 5876949?
7
What is the thousands digit of 1086857?
6
What is the ten thousands digit of 1662259?
6
What is the hundreds digit of 3015242?
2
What is the thousands digit of 50116?
0
What is the ten thousands digit of 874678?
7
What is the hundred thousands digit of 5133567?
1
What is the thousands digit of 2207108?
7
What is the ten thousands digit of 1195165?
9
What is the units digit of 508291?
1
What is the hundreds digit of 1356980?
9
What is the units digit of 100030?
0
What is the tens digit of 16103278?
7
What is the thousands digit of 364920?
4
What is the tens digit of 3756440?
4
What is the hundreds digit of 1161670?
6
What is the units digit of 73158?
8
What is the thousands digit of 82997?
2
What is the units digit of 606246?
6
What is the tens digit of 5288333?
3
What is the thousands digit of 406028?
6
What is the thousands digit of 24490456?
0
What is the tens digit of 11368528?
2
What is the ten thousands digit of 14623615?
2
What is the hundred thousands digit of 375924?
3
What is the units digit of 31423?
3
What is the thousands digit of 306304?
6
What is the hundreds digit of 1322083?
0
What is the units digit of 25990623?
3
What is the millions digit of 5465703?
5
What is the units digit of 294772?
2
What is the hundreds digit of 3587909?
9
What is the hundreds digit of 1424146?
1
What is the thousands digit of 22754726?
4
What is the ten thousands digit of 2317316?
1
What is the thousands digit of 1200837?
0
What is the millions digit of 2642198?
2
What is the ten thousands digit of 54455?
5
What is the tens digit of 2260215?
1
What is the units digit of 201589?
9
What is the hundreds digit of 3089821?
8
What is the units digit of 293145?
5
What is the hundred thousands digit of 171532?
1
What is the units digit of 269862?
2
What is the hundreds digit of 5909995?
9
What is the units digit of 124474?
4
What is the tens digit of 8093?
9
What is the hundred thousands digit of 145883?
1
What is the thousands digit of 655961?
5
What is the hundreds digit of 2364221?
2
What is the hundreds digit of 4436475?
4
What is the thousands digit of 15762587?
2
What is the tens digit of 854133?
3
What is the ten thousands digit of 1910141?
1
What is the units digit of 4922799?
9
What is the units digit of 5937875?
5
What is the ten thousands digit of 594383?
9
What is the hundreds digit of 292716?
7
What is the tens digit of 482935?
3
What is the hundreds digit of 142363?
3
What is the hundreds digit of 7158507?
5
What is the ten thousands digit of 264374?
6
What is the hundreds digit of 1760162?
1
What is the ten thousands digit of 1317084?
1
What is the hundred thousands digit of 17118608?
1
What is the units digit of 509730?
0
What is the tens digit of 547353?
5
What is the units digit of 130319?
9
What is the ten thousands digit of 9344370?
4
What is the hundreds digit of 588435?
4
What is the units digit of 85231?
1
What is the units digit of 365001?
1
What is the units digit of 334204?
4
What is the ten thousands digit of 685948?
8
What is the hundreds digit of 536400?
4
What is the hundred thousands digit of 7686537?
6
What is the units digit of 154019?
9
What is the hundreds digit of 5251889?
8
What is the units digit of 1045520?
0
What is the hundred thousands digit of 1851541?
8
What is the thousands digit of 8499517?
9
What is the tens digit of 3279718?
1
What is the ten thousands digit of 164055?
6
What is the hundreds digit of 918598?
5
What is the tens digit of 59089?
8
What is the thousands digit of 2516999?
6
What is the tens digit of 806885?
8
What is the units digit of 416531?
1
What is the hundred thousands digit of 12726201?
7
What is the tens digit of 2395640?
4
What is the units digit of 593890?
0
What is the hundreds digit of 3518439?
4
What is the millions digit of 3930060?
3
What is the hundred thousands digit of 530413?
5
What is the hundred thousands digit of 1172997?
1
What is the ten thousands digit of 8582957?
8
What is the hundred thousands digit of 524339?
5
What is the hundred thousands digit of 5177723?
1
What is the millions digit of 1209103?
1
What is the hundreds digit of 142123?
1
What is the hundred thousands digit of 5474721?
4
What is the tens digit of 91158?
5
What is the hundreds digit of 10424388?
3
What is the hundreds digit of 87614?
6
What is the thousands digit of 14013918?
3
What is the units digit of 5698839?
9
What is the hundreds digit of 18170182?
1
What is the hundreds digit of 5691458?
4
What is the hundreds digit of 223334?
3
What is the units digit of 12141571?
1
What is the ten millions digit of 23124139?
2
What is the ten thousands digit of 721065?
2
What is the tens digit of 68619?
1
What is the units digit of 5506983?
3
What is the thousands digit of 32109956?
9
What is the units digit of 17504396?
6
What is the thousands digit of 554631?
4
What is the units digit of 9489493?
3
What is the thousands digit of 366621?
6
What is the units digit of 326730?
0
What is the tens digit of 60507?
0
What is the thousands digit of 451612?
1
What is the tens digit of 843279?
7
What is the ten thousands digit of 59731?
5
What is the thousands digit of 107776?
7
What is the units digit of 463424?
4
What is the thousands digit of 714923?
4
What is the millions digit of 7145109?
7
What is the hundreds digit of 768617?
6
What is the millions digit of 2632879?
2
What is the ten thousands digit of 266656?
6
What is the units digit of 3191601?
1
What is the thousands digit of 123201?
3
What is the ten thousands digit of 105344?
0
What is the hundreds digit of 8550363?
3
What is the tens digit of 77310?
1
What is the hundred thousands digit of 1